{"id":184,"date":"2017-08-26T19:41:02","date_gmt":"2017-08-26T17:41:02","guid":{"rendered":"http:\/\/lehrmaterial.cafrait.de\/?page_id=184"},"modified":"2024-03-04T16:23:23","modified_gmt":"2024-03-04T15:23:23","slug":"widerruf-und-allg-geschaeftsbedingungen","status":"publish","type":"page","link":"https:\/\/lehrmaterial.net\/?page_id=184","title":{"rendered":"Widerruf und allg. Gesch\u00e4ftsbedingungen"},"content":{"rendered":"\n<div class=\"wp-block-columns are-vertically-aligned-center is-layout-flex wp-container-core-columns-is-layout-9d6595d7 wp-block-columns-is-layout-flex\">\n<div class=\"wp-block-column is-vertically-aligned-center is-layout-flow wp-block-column-is-layout-flow\" style=\"flex-basis:100%\">\n<h2>Widerrufsrecht<\/h2>\n<p>Du bestellst bei uns ohne jegliches Risiko.<\/p>\n<p>Innerhalb von <strong>14 Tagen nach der Bestellung<\/strong> hast du volles und uneingeschr\u00e4nktes Widerrufs- und R\u00fcckgaberecht.\u00a0 Wenn du unser Ressourcen-Pack bestellst, beginnt das Widerrufsrecht mit dem Download der Ware bei dir.<\/p>\n<p>\u00a0<\/p>\n<p><strong>Wie kannst du das Widerrufsrecht in Anspruch nehmen?<\/strong><\/p>\n<p>Du l\u00f6schst die downgeloadeten Dateien verbindlich von deinem Computer. Sodann richtest du deinen Widerruf schriftlich per Brief oder E-Mail an<\/p>\n<p>-Lehrmaterial.Net-<br \/>Burgfeld 8A<br \/>42551 Velbert<br \/><strong>T<\/strong>\u00a0 02051 &#8211; 805 27 21<br \/><strong>E<\/strong> support (at) lehrmaterial.net<\/p>\n<p>Du best\u00e4tigst uns in deiner Widerrufserkl\u00e4rung ausdr\u00fccklich und verbindlich, dass du die downgeloadeten Dateien sowie alle evtl. vorhandenen Sicherungsdateien gel\u00f6scht hast.<\/p>\n<p>\u00a0<\/p>\n<p><strong>Folgen des Widerrufs<\/strong><\/p>\n<p>Du sendest uns die Ware ohne Angabe von Gr\u00fcnden einfach zur\u00fcck. Bis 40 EUR Warenwert musst du die Kosten f\u00fcr den R\u00fcckversand tragen, bei h\u00f6herem Warenwert tragen wir diese.<\/p>\n<p>Mit dem Zur\u00fccksenden der Ware oder dem L\u00f6schen der gedownloadeten Dateien und des fristgerecht erteilten Widerrufs ist die Sache f\u00fcr dich erledigt, wir stornieren die gestellte Rechnung. Solltest du schon bezahlt haben, erh\u00e4ltst du das Geld von uns zur\u00fcck.<\/p>\n<p>\u00a0<\/p>\n<p><strong>Vertrauensbeweis<\/strong><\/p>\n<p>Nat\u00fcrlich ist uns klar, dass wir dich in Sachen L\u00f6schung von Dateien nicht kontrollieren k\u00f6nnen. Wir vertrauen somit in hohem Ma\u00dfe auf die Ehrlichkeit unserer Nutzer und freuen uns, wenn unser Material vielerorts zum Segen werden kann.<\/p>\n<hr \/>\n<h4>\u00a0<\/h4>\n<h4>Allgemeine Gesch\u00e4ftsbedingungen<\/h4>\n<p>Allgemeine Gesch\u00e4ftsbedingungen (AGB) f\u00fcr Lehrmaterial.Net, Burgfeld 8A, 42551 Velbert<\/p>\n<p>\u00a0<\/p>\n<p><strong>1. Geltung <\/strong><br \/>Alle Lieferungen und Leistungen von LEHRMATERIAL.NET erfolgen ausschlie\u00dflich auf Grundlage der nachfolgenden Allgemeinen Gesch\u00e4ftsbedingungen (AGB). Von diesen Bedingungen abweichende Regelungen, insbesondere in Allgemeinen Gesch\u00e4ftsbedingungen des Vertragspartners, gelten nur im Falle schriftlicher Best\u00e4tigung durch LEHRMATERIAL.NET.<br \/>Nach dem Fernabsatzgesetz haben Sie nach Erhalt der Ware zwei Wochen lang die M\u00f6glichkeit, die bestellten Artikel zur\u00fcckzusenden bzw. den Kauf zu widerrufen. Das R\u00fcckgaberecht wird durch die fristgerechte Absendung der erhaltenen Waren ausge\u00fcbt. Der Kaufvertrag wird damit aufgel\u00f6st und wir erstatten Ihnen unverz\u00fcglich den Kaufpreis zur\u00fcck, sofern dieser bereits gezahlt wurde. Zur Wahrung der R\u00fccksendefrist gen\u00fcgt die rechtzeitige Absendung der Ware.<\/p>\n<p>\u00a0<\/p>\n<p><strong>2. Vertragsschluss <\/strong><br \/>1. Angebote von LEHRMATERIAL.NET erfolgen freibleibend und unter Vorbehalt der Selbstbelieferung, soweit LEHRMATERIAL.NET von Dritten gefertigte Komponenten liefert.<br \/>2. M\u00fcndliche Ausk\u00fcnfte und Zusagen, Prospekte und Werbeaussagen gleich welcher Art, insbesondere Beschreibungen, Abbildungen, Zeichnungen, Muster, Qualit\u00e4ts-, Beschaffenheits-, Zusammensetzungs-, Leistungs-, Verbrauchs- und Verwendbarkeitsangaben sowie Ma\u00dfe und Gewichte der Vertragswaren sind freibleibend, sofern sie nicht ausdr\u00fccklich als verbindlich bezeichnet sind.<br \/><strong><br \/><\/strong><\/p>\n<p><strong>3. Lieferzeit, Teillieferungen <\/strong><br \/>1. Die in der schriftlichen Auftragsbest\u00e4tigung von LEHRMATERIAL.NET angegebenen Lieferzeiten sind ca.-Zeiten. Ger\u00e4t LEHRMATERIAL.NET in Verzug, so haftet LEHRMATERIAL.NET f\u00fcr den durch den Verzug entstandenen Schaden des Vertragspartners nur, wenn der Verzug aufgrund Verletzung wesentlicher Vertragspflichten entstanden ist oder durch Vorsatz oder grobe Fahrl\u00e4ssigkeit von LEHRMATERIAL.NET verursacht wurde. Schadensersatz wegen Nichterf\u00fcllung kann der Vertragspartner auch nach Fristsetzung mit Ablehnungsandrohung nur verlangen, wenn der Verzug auf Vorsatz oder grober Fahrl\u00e4ssigkeit oder im Fall leichter Fahrl\u00e4ssigkeit auf der Verletzung wesentlicher Vertragspflichten beruhte.<br \/>2. Bei Lieferverz\u00f6gerungen aufgrund h\u00f6herer Gewalt, hoheitlicher Eingriffe, von Naturkatastrophen, Krieg, Aufruhr, Streik in eigenen Betrieben, Zulieferbetrieben oder bei Transporteuren oder aufgrund sonstiger, von LEHRMATERIAL.NET nicht zu vertretender Umst\u00e4nde ist LEHRMATERIAL.NET berechtigt, die Lieferung nach Wegfall des Hinderungsgrundes nachzuholen. Beide Parteien k\u00f6nnen jedoch von einem geschlossenen Vertrag ganz oder teilweise zur\u00fccktreten, wenn eines der vorgenannten Ereignisse zu einer Lieferverz\u00f6gerung von mehr als drei Monaten \u00fcber die vereinbarte Frist hinaus f\u00fchrt. Weitergehende Anspr\u00fcche der Vertragsparteien sind ausgeschlossen.<br \/>3. LEHRMATERIAL.NET ist zu Teillieferungen berechtigt.<\/p>\n<p>\u00a0<\/p>\n<p><strong>4. Preise und Zahlungsbedingungen <\/strong><br \/>1. Die vereinbarten Preise ergeben sich aus der Auftragsbest\u00e4tigung ohne sonstige Nebenleistungen. In den Preisen sind nicht die Kosten und Nebenkosten des Versandes wie Porto, Verpackung, Fracht, Zustellgeb\u00fchren etc. enthalten. Diese Kosten werden dem Vertragspartner gesondert in Rechnung gestellt. Es gibt keine Mindestbestellmenge. Alle unsere Preise sind ohne die gesetzliche Mehrwertsteuer, da wir steuerlich als Kleinunternehmern agieren.<br \/>2. Die Gefahr einer Besch\u00e4digung oder des Verlusts gelieferter Ware geht mit Verlassen des Auslieferungslagers von LEHRMATERIAL.NET auf den Vertragspartner \u00fcber.<br \/>3. Rechnungen von LEHRMATERIAL.NET sind, soweit nicht Vorkasse vereinbart wurde, 10 Tage nach Ausstellung der Rechnung rein netto ohne Skonti und sonstige Abz\u00fcge zahlbar, sp\u00e4testens jedoch unverz\u00fcglich nach Erhalt der Lieferungen von LEHRMATERIAL.NET. Im Falle von Teillieferungen gem\u00e4\u00df 3.3 ist nur der anteilige Kaufpreis zahlbar.<\/p>\n<p>\u00a0<\/p>\n<p><strong>5. Gew\u00e4hrleistung <\/strong><br \/>1. Im Falle von M\u00e4ngeln der Vertragswaren ist LEHRMATERIAL.NET nach seiner Wahl zun\u00e4chst zum Umtausch der fehlerhaften Ware berechtigt. Nach dem zweiten Fehlschlagen oder bei Unm\u00f6glichkeit der Nachbesserung oder Ersatzlieferung in angemessener Zeit ist der Vertragspartner berechtigt, Herabsetzung des Kaufpreises (Minderung) oder R\u00fcckg\u00e4ngigmachung des Vertrages (Wandlung) zu verlangen.<br \/>2. Offensichtliche M\u00e4ngel hat der Vertragspartner unverz\u00fcglich, sp\u00e4testens jedoch innerhalb von zwei Wochen nach Erhalt der Lieferung LEHRMATERIAL.NET schriftlich mitzuteilen. Andere M\u00e4ngel, die auch bei sorgf\u00e4ltiger Pr\u00fcfung nicht innerhalb dieser Frist entdeckt werden k\u00f6nnen, sind LEHRMATERIAL.NET unverz\u00fcglich, sp\u00e4testens jedoch innerhalb von sechs Monaten nach Lieferung schriftlich mitzuteilen. Die f\u00fcr Kaufleute geltenden Untersuchungs- oder R\u00fcgepflichten der 377, 378 HGB bleiben unber\u00fchrt.<br \/>3. Der Vertragspartner ist vor Durchf\u00fchrung der Gew\u00e4hrleistung verpflichtet, LEHRMATERIAL.NET die Pr\u00fcfung des reklamierten Gegenstands zu gestatten, und zwar nach Wahl von LEHRMATERIAL.NET entweder beim K\u00e4ufer oder bei LEHRMATERIAL.NET. Verweigert der Vertragspartner die \u00dcberpr\u00fcfung, dann wird LEHRMATERIAL.NET von der Gew\u00e4hrleistung frei.<br \/>4. Die Gew\u00e4hrleistung umfasst nicht die Beseitigung von Fehlern, die durch \u00e4u\u00dfere Einfl\u00fcsse oder Bedienungsfehler entstehen. Gleiches gilt im Falle von Sch\u00e4den, die durch den Betrieb der Vertragswaren zusammen mit solchen Ger\u00e4ten oder Programmen entstehen, deren Kompatibilit\u00e4t LEHRMATERIAL.NET nicht ausdr\u00fccklich schriftlich zugesagt hat.<\/p>\n<p>\u00a0<\/p>\n<p><strong>6. Haftung<\/strong><br \/>1. Alle weitergehenden Rechte und Anspr\u00fcche des Vertragspartners gegen\u00fcber LEHRMATERIAL.NET, unabh\u00e4ngig von deren Rechtsgrund, wegen M\u00e4ngeln oder Fehlern der Vertragswaren sind ausgeschlossen. Dies gilt auch f\u00fcr den Ersatz mittelbarer Sch\u00e4den (Folgesch\u00e4den, entgangener Gewinn, einschlie\u00dflich des Ersatzes von solchen Sch\u00e4den, die nicht an den Vertragswaren selbst, sondern durch ihre Benutzung, ihre Unbrauchbarkeit oder in anderer Weise an anderen Ger\u00e4ten, Sachen oder Personen entstanden sind). Ferner sind ausgeschlossen Anspr\u00fcche aufgrund der Verletzung nebenvertraglicher Pflichten, insbesondere Beratungs- und Aufkl\u00e4rungspflichten, einschlie\u00dflich eines Verschuldens bei Vertragsschluss. Das gleiche gilt f\u00fcr Anspr\u00fcche aus unerlaubter Handlung.<br \/>2. Die vorgenannten Haftungsausschl\u00fcsse gelten jedoch nicht, sofern LEHRMATERIAL.NET oder seinen Erf\u00fcllungsgehilfen Vorsatz oder grobe Fahrl\u00e4ssigkeit zur Last f\u00e4llt. Gleiches gilt im Falle einer Schadensersatzpflicht von LEHRMATERIAL.NET nach dem Produkthaftungsgesetz.<\/p>\n<p>\u00a0<\/p>\n<p><strong>7. Eigentumsvorbehalt<\/strong><br \/>1. Alle Lieferungen von LEHRMATERIAL.NET erfolgen unter Eigentumsvorbehalt. Ist der Vertragspartner Kaufmann, dann geht das Eigentum an den gelieferten Gegenst\u00e4nden und Rechten (&#8222;Vorbehaltsware&#8220;) erst mit Eingang aller Zahlungen aus der laufenden Gesch\u00e4ftsbeziehung auf den Vertragspartner \u00fcber.<br \/>2. Ist der Vertragspartner mit einer oder mehreren Zahlungen ganz oder teilweise in Verzug, stellt er seine Zahlungen ein oder ist \u00fcber sein Verm\u00f6gen die Er\u00f6ffnung eines Konkurs- oder gerichtlichen Vergleichsverfahrens beantragt, dann darf der Vertragspartner nicht mehr \u00fcber die Vorbehaltsware verf\u00fcgen. LEHRMATERIAL.NET ist in einem solchen Fall berechtigt, vom Vertrag zur\u00fcckzutreten oder die Vorbehaltsware zwecks anderweitiger Verwertung zur\u00fcckzunehmen oder die Befugnis des Vertragspartners zur Einziehung der Forderungen aus der Weiterver\u00e4u\u00dferung zu widerrufen. LEHRMATERIAL.NET kann dann Auskunft \u00fcber die Empf\u00e4nger der Vorbehaltsware verlangen, diesen die Abtretung der Forderungen anzeigen und die Forderungen selbst einziehen.<\/p>\n<p>\u00a0<\/p>\n<p><strong>8. Rechte Dritter<\/strong><br \/>LEHRMATERIAL.NET wird den Vertragspartner von Anspr\u00fcchen Dritter wegen Verletzung eines gewerblichen Schutzrechtes oder Urheberrechtes freistellen, sofern der Vertragspartner LEHRMATERIAL.NET von solchen Anspr\u00fcchen unverz\u00fcglich schriftlich benachrichtigt hat und LEHRMATERIAL.NET alle erforderlichen rechtlichen und technischen Abwehrma\u00dfnahmen, insbesondere \u00c4nderung oder Austausch gelieferter Ware, erm\u00f6glicht hat. Weitergehende Anspr\u00fcche des Vertragspartners, gleich aus welchem Rechtsgrund, sind ausgeschlossen.<\/p>\n<p>\u00a0<\/p>\n<p><strong>9. Export<\/strong><br \/>Der Vertragspartner verpflichtet sich, im Falle eines Exports der Vertragswaren die Bestimmungen des deutschen Au\u00dfenwirtschaftsrechts zu beachten. Dies gilt gleicherma\u00dfen f\u00fcr die Lieferung in L\u00e4nder, an Empf\u00e4nger oder zu Zwecken, von welchen der Vertragspartner wei\u00df oder wissen muss, dass sie der au\u00dfenwirtschaftsrechtlichen Kontrolle unterliegen.<\/p>\n<p>\u00a0<\/p>\n<p><strong>10. Vertraulichkeit und Datenschutz<\/strong><br \/>1. Gem\u00e4\u00df \u00a7 28 des Bundesdatenschutzgesetzes (BDSG) machen wir darauf aufmerksam, dass die im Rahmen der Gesch\u00e4ftsabwicklung notwendigen Daten mittels einer EDV-Anlage gem\u00e4\u00df der DSVGO verarbeitet und gespeichert werden. Pers\u00f6nliche Daten werden selbstverst\u00e4ndlich vertraulich behandelt. Unsere <a href=\"https:\/\/lehrmaterial.net\/datenschutzerklaerung\/\">Datenschutzerkl\u00e4rung <\/a>gibt n\u00e4here Auskunft dazu.<\/p>\n<p>\u00a0<\/p>\n<p><strong>11. Software<\/strong><br \/>F\u00fcr von LEHRMATERIAL.NET mitgelieferte, nicht von LEHRMATERIAL.NET selbst hergestellte Software gelten die 69a bis 69g Urheberrechtsgesetz und gegebenenfalls die Bestimmungen des jeweiligen Lizenzvertrages.<\/p>\n<p>\u00a0<\/p>\n<p><strong>12. Verschiedenes<\/strong><br \/>1. Es gilt deutsches Recht. Erf\u00fcllungsort und Gerichtsstand f\u00fcr beide Teile ist der Sitz vom &#8222;LEHRMATERIAL.NET&#8220;. Die Geltung des \u00dcbereinkommens der Vereinten Nationen \u00fcber Vertr\u00e4ge \u00fcber den internationalen Warenkauf vom 11. April 1980 (CISG) ist ausgeschlossen.<br \/>2. Sollten einzelne Bestimmungen dieser Gesch\u00e4ftsbedingungen oder des mit dem Vertragspartner geschlossenen Vertrages ganz oder teilweise unwirksam sein, so ber\u00fchrt dies die Wirksamkeit des Vertrages im \u00dcbrigen nicht.<\/p>\n<p>Stand: August 2018<\/p>\n<\/div>\n<\/div>\n","protected":false},"excerpt":{"rendered":"<p>Widerrufsrecht Du bestellst bei uns ohne jegliches Risiko. Innerhalb von 14 Tagen nach der Bestellung hast du volles und uneingeschr\u00e4nktes Widerrufs- und R\u00fcckgaberecht.\u00a0 Wenn du&hellip;<\/p>\n","protected":false},"author":1,"featured_media":0,"parent":0,"menu_order":0,"comment_status":"closed","ping_status":"closed","template":"","meta":{"footnotes":""},"class_list":["post-184","page","type-page","status-publish","hentry"],"jetpack_sharing_enabled":true,"_links":{"self":[{"href":"https:\/\/lehrmaterial.net\/index.php?rest_route=\/wp\/v2\/pages\/184","targetHints":{"allow":["GET"]}}],"collection":[{"href":"https:\/\/lehrmaterial.net\/index.php?rest_route=\/wp\/v2\/pages"}],"about":[{"href":"https:\/\/lehrmaterial.net\/index.php?rest_route=\/wp\/v2\/types\/page"}],"author":[{"embeddable":true,"href":"https:\/\/lehrmaterial.net\/index.php?rest_route=\/wp\/v2\/users\/1"}],"replies":[{"embeddable":true,"href":"https:\/\/lehrmaterial.net\/index.php?rest_route=%2Fwp%2Fv2%2Fcomments&post=184"}],"version-history":[{"count":10,"href":"https:\/\/lehrmaterial.net\/index.php?rest_route=\/wp\/v2\/pages\/184\/revisions"}],"predecessor-version":[{"id":16436,"href":"https:\/\/lehrmaterial.net\/index.php?rest_route=\/wp\/v2\/pages\/184\/revisions\/16436"}],"wp:attachment":[{"href":"https:\/\/lehrmaterial.net\/index.php?rest_route=%2Fwp%2Fv2%2Fmedia&parent=184"}],"curies":[{"name":"wp","href":"https:\/\/api.w.org\/{rel}","templated":true}]}}